{"id":1226,"date":"2024-01-15T01:24:59","date_gmt":"2024-01-15T01:24:59","guid":{"rendered":"https:\/\/www.aikidoryu.org\/?page_id=1226"},"modified":"2026-04-23T16:09:31","modified_gmt":"2026-04-23T07:09:31","slug":"dan-ranks-issued","status":"publish","type":"page","link":"https:\/\/www.aikidoryu.org\/?page_id=1226","title":{"rendered":"Dan Ranks Issued"},"content":{"rendered":"\n<h3 class=\"wp-block-heading\">The following is a list of all students holding Dan rank in Ryu Aikido, issued by NPO Aikido Ryu through the RWAF starting from October 2023.<br><br><span style=\"text-decoration: underline;\">7th Dan:<\/span><\/h3>\n\n\n\n<ul class=\"wp-block-list\">\n<li><strong>Stephen Ohlman\u00a0(Canada)<\/strong><\/li>\n\n\n\n<li><strong>Andrii Berezhnyi (Poland)<\/strong><\/li>\n<\/ul>\n\n\n\n<h3 class=\"wp-block-heading\"><span style=\"text-decoration: underline;\">6th Dan:<\/span><\/h3>\n\n\n\n<ul class=\"wp-block-list\">\n<li><strong>Jurij Kerpan<\/strong>\u00a0<strong>(Czechia)<\/strong><\/li>\n\n\n\n<li><strong>Natig Mammadov (Russia)<\/strong><\/li>\n<\/ul>\n\n\n\n<h3 class=\"wp-block-heading\"><span style=\"text-decoration: underline;\">5th Dan:<\/span><\/h3>\n\n\n\n<ul class=\"wp-block-list\">\n<li><strong>Fernando Martinez (Argentina)<\/strong><\/li>\n\n\n\n<li><strong>Marat Alekseev (Russia)<\/strong><\/li>\n\n\n\n<li><strong>Atil Aghamirov (Azerbaijan)<\/strong><\/li>\n\n\n\n<li><strong>Alexandre Mello (Brazil)<\/strong><\/li>\n\n\n\n<li><strong>Dmitry Filyunkin (Russia)<\/strong><\/li>\n\n\n\n<li><strong>Ulvi Aghamirov (Azerbaijan)<\/strong><\/li>\n<\/ul>\n\n\n\n<h3 class=\"wp-block-heading\"><span style=\"text-decoration: underline;\">4th Dan:<\/span><\/h3>\n\n\n\n<ul class=\"wp-block-list\">\n<li><strong>Neville Coupland (United Kingdom)<\/strong><\/li>\n\n\n\n<li><strong>Gabriel Perini (Argentina)<\/strong><\/li>\n\n\n\n<li><strong>James Fish (United States of America)<\/strong><\/li>\n<\/ul>\n\n\n\n<h3 class=\"wp-block-heading\"><span style=\"text-decoration: underline;\">3rd Dan:<\/span><\/h3>\n\n\n\n<ul class=\"wp-block-list\">\n<li><strong>Alexander Baulin (Russia)<\/strong><\/li>\n\n\n\n<li><strong>Santiago Martinez Bonafine (Argentina)<\/strong><\/li>\n\n\n\n<li><strong>Zukhra Sadykova (Kazakhstan)<\/strong><\/li>\n\n\n\n<li><strong>Marcio Welb (Brazil)<\/strong><\/li>\n\n\n\n<li><strong>Edegar Cazorotto Berlezzi (Brazil)<\/strong><\/li>\n\n\n\n<li><strong>Moacyr Alexandro Rosa (Brazil)<\/strong><\/li>\n<\/ul>\n\n\n\n<h3 class=\"wp-block-heading\"><span style=\"text-decoration: underline;\">2nd Dan:<\/span><\/h3>\n\n\n\n<ul class=\"wp-block-list\">\n<li><strong>Alexey Goltcov (Russia)<\/strong><\/li>\n\n\n\n<li><strong>Joaqu\u00edn Ignacio S\u00e1nchez Cruces (Argentina)<\/strong><\/li>\n\n\n\n<li><strong>Juan Manuel Dourado (Argentina)<\/strong><\/li>\n\n\n\n<li><strong><span style=\"font-size: revert;\">Jose\u0301 Vicente Moreno (Chile)<\/span><\/strong><\/li>\n\n\n\n<li><strong>Luis Gutierrez (Colombia)<\/strong><\/li>\n\n\n\n<li><strong>Neman Adilov (Azerbaijan)<\/strong><\/li>\n<\/ul>\n\n\n\n<h3 class=\"wp-block-heading\"><span style=\"text-decoration: underline;\">1st Dan:<\/span><\/h3>\n\n\n\n<ul class=\"wp-block-list\">\n<li><strong>Agakazim Movsumov (Azerbaijan)<\/strong><\/li>\n\n\n\n<li><strong>Denis Lucenko (Russia)<\/strong><\/li>\n\n\n\n<li><strong>Maximiliano Marani (Argentina)<\/strong><\/li>\n\n\n\n<li><strong>Adrian Souto (Argentina)<\/strong><\/li>\n\n\n\n<li><strong>Paola Belen Cabrera (Argentina)<\/strong><\/li>\n\n\n\n<li><strong>Saddam Aliyev (Azerbaijan)<\/strong><\/li>\n\n\n\n<li><strong>Bakytbek Makhmutov (Kazakhstan)<\/strong><\/li>\n\n\n\n<li><strong>Daniyar Baimukanov (Kazakhstan)<\/strong><\/li>\n\n\n\n<li><strong>Jos\u00e9 Luis Pati\u00f1o L\u00f3pez (Argentina)<\/strong><\/li>\n\n\n\n<li><strong>Eugenio Su\u00e1rez (Paraguay)<\/strong><\/li>\n\n\n\n<li><strong>Nicol\u00e1s Paredes (Paraguay)<\/strong><\/li>\n\n\n\n<li><strong>Victor Hugo Paiva (Paraguay)<\/strong><\/li>\n\n\n\n<li><strong>Jos\u00e9 Luis Bord\u00f3n (Paraguay)<\/strong><\/li>\n\n\n\n<li><strong>Agata Buck (United Kingdom)<\/strong><\/li>\n\n\n\n<li><strong>Thomas Hands (United Kingdom)<\/strong><\/li>\n\n\n\n<li><strong>Sebasti\u00e1n Guidobono (Argentina)<\/strong><\/li>\n\n\n\n<li><strong>Ignacio Exequiel Rodriguez Mendez (Argentina)<\/strong><\/li>\n\n\n\n<li><strong>Ellis Cyprus (United Kingdom)<\/strong><\/li>\n\n\n\n<li><strong>Damion Wright (United Kingdom)<\/strong><\/li>\n\n\n\n<li><strong>Oliver Rees (United Kingdom)<\/strong><\/li>\n<\/ul>\n\n\n\n<h3 class=\"wp-block-heading\"><span style=\"text-decoration: underline;\">Kids 2nd Dan:<\/span><\/h3>\n\n\n\n<ul class=\"wp-block-list\">\n<li><strong>Fedor Kovalskiy (Russia)<\/strong><\/li>\n\n\n\n<li><strong>Alexey Borisenko (Russia)<\/strong><\/li>\n<\/ul>\n\n\n\n<h3 class=\"wp-block-heading\"><span style=\"text-decoration: underline;\">Kids 1st Dan:<\/span><\/h3>\n\n\n\n<ul class=\"wp-block-list\">\n<li><strong>Asanali Mukhamediyev (Kazkhastan)<\/strong><\/li>\n<\/ul>\n","protected":false},"excerpt":{"rendered":"<p>The following is a list of all students holding Dan rank in Ryu Aikido, issued by NPO Aikido Ryu through the RWAF starting from October 2023. 7th Dan: 6th Dan: 5th Dan: 4th Dan: 3rd Dan: 2nd Dan: 1st Dan: Kids 2nd Dan: Kids 1st Dan:<\/p>\n","protected":false},"author":1,"featured_media":1192,"parent":694,"menu_order":0,"comment_status":"closed","ping_status":"closed","template":"","meta":{"footnotes":""},"class_list":["post-1226","page","type-page","status-publish","has-post-thumbnail","hentry"],"_links":{"self":[{"href":"https:\/\/www.aikidoryu.org\/index.php?rest_route=\/wp\/v2\/pages\/1226","targetHints":{"allow":["GET"]}}],"collection":[{"href":"https:\/\/www.aikidoryu.org\/index.php?rest_route=\/wp\/v2\/pages"}],"about":[{"href":"https:\/\/www.aikidoryu.org\/index.php?rest_route=\/wp\/v2\/types\/page"}],"author":[{"embeddable":true,"href":"https:\/\/www.aikidoryu.org\/index.php?rest_route=\/wp\/v2\/users\/1"}],"replies":[{"embeddable":true,"href":"https:\/\/www.aikidoryu.org\/index.php?rest_route=%2Fwp%2Fv2%2Fcomments&post=1226"}],"version-history":[{"count":19,"href":"https:\/\/www.aikidoryu.org\/index.php?rest_route=\/wp\/v2\/pages\/1226\/revisions"}],"predecessor-version":[{"id":1485,"href":"https:\/\/www.aikidoryu.org\/index.php?rest_route=\/wp\/v2\/pages\/1226\/revisions\/1485"}],"up":[{"embeddable":true,"href":"https:\/\/www.aikidoryu.org\/index.php?rest_route=\/wp\/v2\/pages\/694"}],"wp:featuredmedia":[{"embeddable":true,"href":"https:\/\/www.aikidoryu.org\/index.php?rest_route=\/wp\/v2\/media\/1192"}],"wp:attachment":[{"href":"https:\/\/www.aikidoryu.org\/index.php?rest_route=%2Fwp%2Fv2%2Fmedia&parent=1226"}],"curies":[{"name":"wp","href":"https:\/\/api.w.org\/{rel}","templated":true}]}}